{"id":18041,"date":"2026-04-21T11:46:23","date_gmt":"2026-04-21T09:46:23","guid":{"rendered":"https:\/\/www.irisevent.fr\/?post_type=partez_en_voyage&#038;p=18041"},"modified":"2026-04-21T11:47:29","modified_gmt":"2026-04-21T09:47:29","slug":"feria-san-miguel-seville-2026","status":"publish","type":"partez_en_voyage","link":"https:\/\/www.irisevent.fr\/es\/partez-en-voyage\/feria-san-miguel-seville-2026\/","title":{"rendered":"Feria San Miguel S\u00e9ville 2026"},"content":{"rendered":"","protected":false},"excerpt":{"rendered":"","protected":false},"featured_media":18042,"parent":0,"template":"","meta":{"_acf_changed":true},"categories_du_sejour":[5],"thematique_sejour":[10],"lieu_sejour":[120,19],"class_list":["post-18041","partez_en_voyage","type-partez_en_voyage","status-publish","has-post-thumbnail","hentry","categories_du_sejour-sejours-evenementiels","thematique_sejour-ferias","lieu_sejour-andalousie","lieu_sejour-voyage-espagne-sur-mesure"],"acf":[],"yoast_head":"<!-- This site is optimized with the Yoast SEO plugin v27.3 - https:\/\/yoast.com\/product\/yoast-seo-wordpress\/ -->\n<title>Feria San Miguel S\u00e9ville 2026 - Iris Event agence de voyages<\/title>\n<meta name=\"description\" content=\"Venz participer \u00e0 la feria de San Miguel \u00e0 S\u00e9ville du 24 au 28 septembre 2026. Un programme attractif pour d\u00e9couvrir cette derni\u00e8re Feria.\" \/>\n<meta name=\"robots\" content=\"index, follow, max-snippet:-1, max-image-preview:large, max-video-preview:-1\" \/>\n<link rel=\"canonical\" href=\"https:\/\/www.irisevent.fr\/es\/partez-en-voyage\/feria-san-miguel-seville-2026\/\" \/>\n<meta property=\"og:locale\" content=\"es_ES\" \/>\n<meta property=\"og:type\" content=\"article\" \/>\n<meta property=\"og:title\" content=\"Feria San Miguel S\u00e9ville 2026 - Iris Event agence de voyages\" \/>\n<meta property=\"og:description\" content=\"Venz participer \u00e0 la feria de San Miguel \u00e0 S\u00e9ville du 24 au 28 septembre 2026. Un programme attractif pour d\u00e9couvrir cette derni\u00e8re Feria.\" \/>\n<meta property=\"og:url\" content=\"https:\/\/www.irisevent.fr\/es\/partez-en-voyage\/feria-san-miguel-seville-2026\/\" \/>\n<meta property=\"og:site_name\" content=\"Iris Event agence de voyages\" \/>\n<meta property=\"article:publisher\" content=\"https:\/\/www.facebook.com\/irisevent\" \/>\n<meta property=\"article:modified_time\" content=\"2026-04-21T09:47:29+00:00\" \/>\n<meta property=\"og:image\" content=\"https:\/\/www.irisevent.fr\/wp-content\/uploads\/2026\/04\/Capture-decran-2026-02-25-a-08.41.00.jpg\" \/>\n\t<meta property=\"og:image:width\" content=\"1358\" \/>\n\t<meta property=\"og:image:height\" content=\"1944\" \/>\n\t<meta property=\"og:image:type\" content=\"image\/jpeg\" \/>\n<meta name=\"twitter:card\" content=\"summary_large_image\" \/>\n<meta name=\"twitter:site\" content=\"@Iriseventfrance\" \/>\n<meta name=\"twitter:label1\" content=\"Tiempo de lectura\" \/>\n\t<meta name=\"twitter:data1\" content=\"1 minuto\" \/>\n<!-- \/ Yoast SEO plugin. -->","yoast_head_json":{"title":"Feria San Miguel S\u00e9ville 2026 - Iris Event agence de voyages","description":"Venz participer \u00e0 la feria de San Miguel \u00e0 S\u00e9ville du 24 au 28 septembre 2026. Un programme attractif pour d\u00e9couvrir cette derni\u00e8re Feria.","robots":{"index":"index","follow":"follow","max-snippet":"max-snippet:-1","max-image-preview":"max-image-preview:large","max-video-preview":"max-video-preview:-1"},"canonical":"https:\/\/www.irisevent.fr\/es\/partez-en-voyage\/feria-san-miguel-seville-2026\/","og_locale":"es_ES","og_type":"article","og_title":"Feria San Miguel S\u00e9ville 2026 - Iris Event agence de voyages","og_description":"Venz participer \u00e0 la feria de San Miguel \u00e0 S\u00e9ville du 24 au 28 septembre 2026. Un programme attractif pour d\u00e9couvrir cette derni\u00e8re Feria.","og_url":"https:\/\/www.irisevent.fr\/es\/partez-en-voyage\/feria-san-miguel-seville-2026\/","og_site_name":"Iris Event agence de voyages","article_publisher":"https:\/\/www.facebook.com\/irisevent","article_modified_time":"2026-04-21T09:47:29+00:00","og_image":[{"width":1358,"height":1944,"url":"https:\/\/www.irisevent.fr\/wp-content\/uploads\/2026\/04\/Capture-decran-2026-02-25-a-08.41.00.jpg","type":"image\/jpeg"}],"twitter_card":"summary_large_image","twitter_site":"@Iriseventfrance","twitter_misc":{"Tiempo de lectura":"1 minuto"},"schema":{"@context":"https:\/\/schema.org","@graph":[{"@type":"WebPage","@id":"https:\/\/www.irisevent.fr\/es\/partez-en-voyage\/feria-san-miguel-seville-2026\/","url":"https:\/\/www.irisevent.fr\/es\/partez-en-voyage\/feria-san-miguel-seville-2026\/","name":"Feria San Miguel S\u00e9ville 2026 - Iris Event agence de voyages","isPartOf":{"@id":"https:\/\/www.irisevent.fr\/es\/#website"},"primaryImageOfPage":{"@id":"https:\/\/www.irisevent.fr\/es\/partez-en-voyage\/feria-san-miguel-seville-2026\/#primaryimage"},"image":{"@id":"https:\/\/www.irisevent.fr\/es\/partez-en-voyage\/feria-san-miguel-seville-2026\/#primaryimage"},"thumbnailUrl":"https:\/\/www.irisevent.fr\/wp-content\/uploads\/2026\/04\/Capture-decran-2026-02-25-a-08.41.00.jpg","datePublished":"2026-04-21T09:46:23+00:00","dateModified":"2026-04-21T09:47:29+00:00","description":"Venz participer \u00e0 la feria de San Miguel \u00e0 S\u00e9ville du 24 au 28 septembre 2026. Un programme attractif pour d\u00e9couvrir cette derni\u00e8re Feria.","breadcrumb":{"@id":"https:\/\/www.irisevent.fr\/es\/partez-en-voyage\/feria-san-miguel-seville-2026\/#breadcrumb"},"inLanguage":"es","potentialAction":[{"@type":"ReadAction","target":["https:\/\/www.irisevent.fr\/es\/partez-en-voyage\/feria-san-miguel-seville-2026\/"]}]},{"@type":"ImageObject","inLanguage":"es","@id":"https:\/\/www.irisevent.fr\/es\/partez-en-voyage\/feria-san-miguel-seville-2026\/#primaryimage","url":"https:\/\/www.irisevent.fr\/wp-content\/uploads\/2026\/04\/Capture-decran-2026-02-25-a-08.41.00.jpg","contentUrl":"https:\/\/www.irisevent.fr\/wp-content\/uploads\/2026\/04\/Capture-decran-2026-02-25-a-08.41.00.jpg","width":1358,"height":1944,"caption":"Screenshot"},{"@type":"BreadcrumbList","@id":"https:\/\/www.irisevent.fr\/es\/partez-en-voyage\/feria-san-miguel-seville-2026\/#breadcrumb","itemListElement":[{"@type":"ListItem","position":1,"name":"Accueil","item":"https:\/\/www.irisevent.fr\/es\/"},{"@type":"ListItem","position":2,"name":"S\u00e9jours","item":"https:\/\/www.irisevent.fr\/es\/partez-en-voyage\/"},{"@type":"ListItem","position":3,"name":"Feria San Miguel S\u00e9ville 2026"}]},{"@type":"WebSite","@id":"https:\/\/www.irisevent.fr\/es\/#website","url":"https:\/\/www.irisevent.fr\/es\/","name":"Iris Event agence de voyages","description":"Voyages sur mesure","publisher":{"@id":"https:\/\/www.irisevent.fr\/es\/#organization"},"potentialAction":[{"@type":"SearchAction","target":{"@type":"EntryPoint","urlTemplate":"https:\/\/www.irisevent.fr\/es\/?s={search_term_string}"},"query-input":{"@type":"PropertyValueSpecification","valueRequired":true,"valueName":"search_term_string"}}],"inLanguage":"es"},{"@type":"Organization","@id":"https:\/\/www.irisevent.fr\/es\/#organization","name":"Iris Event","url":"https:\/\/www.irisevent.fr\/es\/","logo":{"@type":"ImageObject","inLanguage":"es","@id":"https:\/\/www.irisevent.fr\/es\/#\/schema\/logo\/image\/","url":"https:\/\/www.irisevent.fr\/wp-content\/uploads\/2022\/05\/favicon-rpond-irisevent-500x500-1.png","contentUrl":"https:\/\/www.irisevent.fr\/wp-content\/uploads\/2022\/05\/favicon-rpond-irisevent-500x500-1.png","width":500,"height":500,"caption":"Iris Event"},"image":{"@id":"https:\/\/www.irisevent.fr\/es\/#\/schema\/logo\/image\/"},"sameAs":["https:\/\/www.facebook.com\/irisevent","https:\/\/x.com\/Iriseventfrance","https:\/\/instagram.com\/agence.iris.event\/","https:\/\/www.youtube.com\/channel\/UC3EmMvNVJmg4pSlf2I1nFgA","https:\/\/www.pinterest.fr\/irisevent\/_created\/"]}]}},"_links":{"self":[{"href":"https:\/\/www.irisevent.fr\/es\/wp-json\/wp\/v2\/partez_en_voyage\/18041","targetHints":{"allow":["GET"]}}],"collection":[{"href":"https:\/\/www.irisevent.fr\/es\/wp-json\/wp\/v2\/partez_en_voyage"}],"about":[{"href":"https:\/\/www.irisevent.fr\/es\/wp-json\/wp\/v2\/types\/partez_en_voyage"}],"wp:featuredmedia":[{"embeddable":true,"href":"https:\/\/www.irisevent.fr\/es\/wp-json\/wp\/v2\/media\/18042"}],"wp:attachment":[{"href":"https:\/\/www.irisevent.fr\/es\/wp-json\/wp\/v2\/media?parent=18041"}],"wp:term":[{"taxonomy":"categories_du_sejour","embeddable":true,"href":"https:\/\/www.irisevent.fr\/es\/wp-json\/wp\/v2\/categories_du_sejour?post=18041"},{"taxonomy":"thematique_sejour","embeddable":true,"href":"https:\/\/www.irisevent.fr\/es\/wp-json\/wp\/v2\/thematique_sejour?post=18041"},{"taxonomy":"lieu_sejour","embeddable":true,"href":"https:\/\/www.irisevent.fr\/es\/wp-json\/wp\/v2\/lieu_sejour?post=18041"}],"curies":[{"name":"wp","href":"https:\/\/api.w.org\/{rel}","templated":true}]}}

Feria San Miguel Séville 2026

<!-- This site is optimized with the Yoast SEO plugin v27.3 - https://yoast.com/product/yoast-seo-wordpress/ -->
<title>Feria San Miguel Séville 2026 - Iris Event agence de voyages</title>
<meta name="description" content="Venz participer à la feria de San Miguel à Séville du 24 au 28 septembre 2026. Un programme attractif pour découvrir cette dernière Feria." />
<meta name="robots" content="index, follow, max-snippet:-1, max-image-preview:large, max-video-preview:-1" />
<link rel="canonical" href="https://www.irisevent.fr/es/partez-en-voyage/feria-san-miguel-seville-2026/" />
<meta property="og:locale" content="es_ES" />
<meta property="og:type" content="article" />
<meta property="og:title" content="Feria San Miguel Séville 2026 - Iris Event agence de voyages" />
<meta property="og:description" content="Venz participer à la feria de San Miguel à Séville du 24 au 28 septembre 2026. Un programme attractif pour découvrir cette dernière Feria." />
<meta property="og:url" content="https://www.irisevent.fr/es/partez-en-voyage/feria-san-miguel-seville-2026/" />
<meta property="og:site_name" content="Iris Event agence de voyages" />
<meta property="article:publisher" content="https://www.facebook.com/irisevent" />
<meta property="article:modified_time" content="2026-04-21T09:47:29+00:00" />
<meta property="og:image" content="https://www.irisevent.fr/wp-content/uploads/2026/04/Capture-decran-2026-02-25-a-08.41.00.jpg" />
	<meta property="og:image:width" content="1358" />
	<meta property="og:image:height" content="1944" />
	<meta property="og:image:type" content="image/jpeg" />
<meta name="twitter:card" content="summary_large_image" />
<meta name="twitter:site" content="@Iriseventfrance" />
<meta name="twitter:label1" content="Tiempo de lectura" />
	<meta name="twitter:data1" content="1 minuto" />
<!-- / Yoast SEO plugin. -->

Feria San Miguel Séville 2026 - Iris Event agence de voyages

Venz participer à la feria de San Miguel à Séville du 24 au 28 septembre 2026. Un programme attractif pour découvrir cette dernière Feria.

Séjours
