{"id":17482,"date":"2025-09-19T17:51:08","date_gmt":"2025-09-19T15:51:08","guid":{"rendered":"https:\/\/www.irisevent.fr\/?post_type=partez_en_voyage&#038;p=17482"},"modified":"2026-02-03T23:37:04","modified_gmt":"2026-02-03T22:37:04","slug":"semaine-sainte-et-feria-de-seville-2026","status":"publish","type":"partez_en_voyage","link":"https:\/\/www.irisevent.fr\/es\/partez-en-voyage\/semaine-sainte-et-feria-de-seville-2026\/","title":{"rendered":"Semaine Sainte et Feria de S\u00e9ville 2026"},"content":{"rendered":"","protected":false},"excerpt":{"rendered":"","protected":false},"featured_media":17690,"parent":0,"template":"","meta":{"_acf_changed":true},"categories_du_sejour":[5],"thematique_sejour":[9,17],"lieu_sejour":[120,19],"class_list":["post-17482","partez_en_voyage","type-partez_en_voyage","status-publish","has-post-thumbnail","hentry","categories_du_sejour-sejours-evenementiels","thematique_sejour-culture","thematique_sejour-toros","lieu_sejour-andalousie","lieu_sejour-voyage-espagne-sur-mesure"],"acf":[],"yoast_head":"<!-- This site is optimized with the Yoast SEO plugin v27.3 - https:\/\/yoast.com\/product\/yoast-seo-wordpress\/ -->\n<title>Semaine Sainte et Feria de S\u00e9ville 2026 - Iris Event agence de voyages<\/title>\n<meta name=\"description\" content=\"D\u00e9couvrez nos voyages sur mesure Andalousie, Espagne . Un s\u00e9jour inoubliable en famille, en couple ou en solo. Vous souhaitez organiser votre voyage sur mesure avec Iris Event ? Contactez-nous.\" \/>\n<meta name=\"robots\" content=\"index, follow, max-snippet:-1, max-image-preview:large, max-video-preview:-1\" \/>\n<link rel=\"canonical\" href=\"https:\/\/www.irisevent.fr\/es\/partez-en-voyage\/semaine-sainte-et-feria-de-seville-2026\/\" \/>\n<meta property=\"og:locale\" content=\"es_ES\" \/>\n<meta property=\"og:type\" content=\"article\" \/>\n<meta property=\"og:title\" content=\"Semaine Sainte et Feria de S\u00e9ville 2026 - Iris Event agence de voyages\" \/>\n<meta property=\"og:description\" content=\"D\u00e9couvrez nos voyages sur mesure Andalousie, Espagne . Un s\u00e9jour inoubliable en famille, en couple ou en solo. Vous souhaitez organiser votre voyage sur mesure avec Iris Event ? Contactez-nous.\" \/>\n<meta property=\"og:url\" content=\"https:\/\/www.irisevent.fr\/es\/partez-en-voyage\/semaine-sainte-et-feria-de-seville-2026\/\" \/>\n<meta property=\"og:site_name\" content=\"Iris Event agence de voyages\" \/>\n<meta property=\"article:publisher\" content=\"https:\/\/www.facebook.com\/irisevent\" \/>\n<meta property=\"article:modified_time\" content=\"2026-02-03T22:37:04+00:00\" \/>\n<meta property=\"og:image\" content=\"https:\/\/www.irisevent.fr\/wp-content\/uploads\/2025\/11\/CARTEL-SEMANA-SANTA-DE-SEVILLA-2026.webp.jpg\" \/>\n\t<meta property=\"og:image:width\" content=\"595\" \/>\n\t<meta property=\"og:image:height\" content=\"841\" \/>\n\t<meta property=\"og:image:type\" content=\"image\/jpeg\" \/>\n<meta name=\"twitter:card\" content=\"summary_large_image\" \/>\n<meta name=\"twitter:site\" content=\"@Iriseventfrance\" \/>\n<meta name=\"twitter:label1\" content=\"Tiempo de lectura\" \/>\n\t<meta name=\"twitter:data1\" content=\"1 minuto\" \/>\n<!-- \/ Yoast SEO plugin. -->","yoast_head_json":{"title":"Semaine Sainte et Feria de S\u00e9ville 2026 - Iris Event agence de voyages","description":"D\u00e9couvrez nos voyages sur mesure Andalousie, Espagne . Un s\u00e9jour inoubliable en famille, en couple ou en solo. Vous souhaitez organiser votre voyage sur mesure avec Iris Event ? Contactez-nous.","robots":{"index":"index","follow":"follow","max-snippet":"max-snippet:-1","max-image-preview":"max-image-preview:large","max-video-preview":"max-video-preview:-1"},"canonical":"https:\/\/www.irisevent.fr\/es\/partez-en-voyage\/semaine-sainte-et-feria-de-seville-2026\/","og_locale":"es_ES","og_type":"article","og_title":"Semaine Sainte et Feria de S\u00e9ville 2026 - Iris Event agence de voyages","og_description":"D\u00e9couvrez nos voyages sur mesure Andalousie, Espagne . Un s\u00e9jour inoubliable en famille, en couple ou en solo. Vous souhaitez organiser votre voyage sur mesure avec Iris Event ? Contactez-nous.","og_url":"https:\/\/www.irisevent.fr\/es\/partez-en-voyage\/semaine-sainte-et-feria-de-seville-2026\/","og_site_name":"Iris Event agence de voyages","article_publisher":"https:\/\/www.facebook.com\/irisevent","article_modified_time":"2026-02-03T22:37:04+00:00","og_image":[{"width":595,"height":841,"url":"https:\/\/www.irisevent.fr\/wp-content\/uploads\/2025\/11\/CARTEL-SEMANA-SANTA-DE-SEVILLA-2026.webp.jpg","type":"image\/jpeg"}],"twitter_card":"summary_large_image","twitter_site":"@Iriseventfrance","twitter_misc":{"Tiempo de lectura":"1 minuto"},"schema":{"@context":"https:\/\/schema.org","@graph":[{"@type":"WebPage","@id":"https:\/\/www.irisevent.fr\/es\/partez-en-voyage\/semaine-sainte-et-feria-de-seville-2026\/","url":"https:\/\/www.irisevent.fr\/es\/partez-en-voyage\/semaine-sainte-et-feria-de-seville-2026\/","name":"Semaine Sainte et Feria de S\u00e9ville 2026 - Iris Event agence de voyages","isPartOf":{"@id":"https:\/\/www.irisevent.fr\/es\/#website"},"primaryImageOfPage":{"@id":"https:\/\/www.irisevent.fr\/es\/partez-en-voyage\/semaine-sainte-et-feria-de-seville-2026\/#primaryimage"},"image":{"@id":"https:\/\/www.irisevent.fr\/es\/partez-en-voyage\/semaine-sainte-et-feria-de-seville-2026\/#primaryimage"},"thumbnailUrl":"https:\/\/www.irisevent.fr\/wp-content\/uploads\/2025\/11\/CARTEL-SEMANA-SANTA-DE-SEVILLA-2026.webp.jpg","datePublished":"2025-09-19T15:51:08+00:00","dateModified":"2026-02-03T22:37:04+00:00","description":"D\u00e9couvrez nos voyages sur mesure Andalousie, Espagne . Un s\u00e9jour inoubliable en famille, en couple ou en solo. Vous souhaitez organiser votre voyage sur mesure avec Iris Event ? Contactez-nous.","breadcrumb":{"@id":"https:\/\/www.irisevent.fr\/es\/partez-en-voyage\/semaine-sainte-et-feria-de-seville-2026\/#breadcrumb"},"inLanguage":"es","potentialAction":[{"@type":"ReadAction","target":["https:\/\/www.irisevent.fr\/es\/partez-en-voyage\/semaine-sainte-et-feria-de-seville-2026\/"]}]},{"@type":"ImageObject","inLanguage":"es","@id":"https:\/\/www.irisevent.fr\/es\/partez-en-voyage\/semaine-sainte-et-feria-de-seville-2026\/#primaryimage","url":"https:\/\/www.irisevent.fr\/wp-content\/uploads\/2025\/11\/CARTEL-SEMANA-SANTA-DE-SEVILLA-2026.webp.jpg","contentUrl":"https:\/\/www.irisevent.fr\/wp-content\/uploads\/2025\/11\/CARTEL-SEMANA-SANTA-DE-SEVILLA-2026.webp.jpg","width":595,"height":841},{"@type":"BreadcrumbList","@id":"https:\/\/www.irisevent.fr\/es\/partez-en-voyage\/semaine-sainte-et-feria-de-seville-2026\/#breadcrumb","itemListElement":[{"@type":"ListItem","position":1,"name":"Accueil","item":"https:\/\/www.irisevent.fr\/es\/"},{"@type":"ListItem","position":2,"name":"S\u00e9jours","item":"https:\/\/www.irisevent.fr\/es\/partez-en-voyage\/"},{"@type":"ListItem","position":3,"name":"Semaine Sainte et Feria de S\u00e9ville 2026"}]},{"@type":"WebSite","@id":"https:\/\/www.irisevent.fr\/es\/#website","url":"https:\/\/www.irisevent.fr\/es\/","name":"Iris Event agence de voyages","description":"Voyages sur mesure","publisher":{"@id":"https:\/\/www.irisevent.fr\/es\/#organization"},"potentialAction":[{"@type":"SearchAction","target":{"@type":"EntryPoint","urlTemplate":"https:\/\/www.irisevent.fr\/es\/?s={search_term_string}"},"query-input":{"@type":"PropertyValueSpecification","valueRequired":true,"valueName":"search_term_string"}}],"inLanguage":"es"},{"@type":"Organization","@id":"https:\/\/www.irisevent.fr\/es\/#organization","name":"Iris Event","url":"https:\/\/www.irisevent.fr\/es\/","logo":{"@type":"ImageObject","inLanguage":"es","@id":"https:\/\/www.irisevent.fr\/es\/#\/schema\/logo\/image\/","url":"https:\/\/www.irisevent.fr\/wp-content\/uploads\/2022\/05\/favicon-rpond-irisevent-500x500-1.png","contentUrl":"https:\/\/www.irisevent.fr\/wp-content\/uploads\/2022\/05\/favicon-rpond-irisevent-500x500-1.png","width":500,"height":500,"caption":"Iris Event"},"image":{"@id":"https:\/\/www.irisevent.fr\/es\/#\/schema\/logo\/image\/"},"sameAs":["https:\/\/www.facebook.com\/irisevent","https:\/\/x.com\/Iriseventfrance","https:\/\/instagram.com\/agence.iris.event\/","https:\/\/www.youtube.com\/channel\/UC3EmMvNVJmg4pSlf2I1nFgA","https:\/\/www.pinterest.fr\/irisevent\/_created\/"]}]}},"_links":{"self":[{"href":"https:\/\/www.irisevent.fr\/es\/wp-json\/wp\/v2\/partez_en_voyage\/17482","targetHints":{"allow":["GET"]}}],"collection":[{"href":"https:\/\/www.irisevent.fr\/es\/wp-json\/wp\/v2\/partez_en_voyage"}],"about":[{"href":"https:\/\/www.irisevent.fr\/es\/wp-json\/wp\/v2\/types\/partez_en_voyage"}],"wp:featuredmedia":[{"embeddable":true,"href":"https:\/\/www.irisevent.fr\/es\/wp-json\/wp\/v2\/media\/17690"}],"wp:attachment":[{"href":"https:\/\/www.irisevent.fr\/es\/wp-json\/wp\/v2\/media?parent=17482"}],"wp:term":[{"taxonomy":"categories_du_sejour","embeddable":true,"href":"https:\/\/www.irisevent.fr\/es\/wp-json\/wp\/v2\/categories_du_sejour?post=17482"},{"taxonomy":"thematique_sejour","embeddable":true,"href":"https:\/\/www.irisevent.fr\/es\/wp-json\/wp\/v2\/thematique_sejour?post=17482"},{"taxonomy":"lieu_sejour","embeddable":true,"href":"https:\/\/www.irisevent.fr\/es\/wp-json\/wp\/v2\/lieu_sejour?post=17482"}],"curies":[{"name":"wp","href":"https:\/\/api.w.org\/{rel}","templated":true}]}}

Semaine Sainte et Feria de Séville 2026

<!-- This site is optimized with the Yoast SEO plugin v27.3 - https://yoast.com/product/yoast-seo-wordpress/ -->
<title>Semaine Sainte et Feria de Séville 2026 - Iris Event agence de voyages</title>
<meta name="description" content="Découvrez nos voyages sur mesure Andalousie, Espagne . Un séjour inoubliable en famille, en couple ou en solo. Vous souhaitez organiser votre voyage sur mesure avec Iris Event ? Contactez-nous." />
<meta name="robots" content="index, follow, max-snippet:-1, max-image-preview:large, max-video-preview:-1" />
<link rel="canonical" href="https://www.irisevent.fr/es/partez-en-voyage/semaine-sainte-et-feria-de-seville-2026/" />
<meta property="og:locale" content="es_ES" />
<meta property="og:type" content="article" />
<meta property="og:title" content="Semaine Sainte et Feria de Séville 2026 - Iris Event agence de voyages" />
<meta property="og:description" content="Découvrez nos voyages sur mesure Andalousie, Espagne . Un séjour inoubliable en famille, en couple ou en solo. Vous souhaitez organiser votre voyage sur mesure avec Iris Event ? Contactez-nous." />
<meta property="og:url" content="https://www.irisevent.fr/es/partez-en-voyage/semaine-sainte-et-feria-de-seville-2026/" />
<meta property="og:site_name" content="Iris Event agence de voyages" />
<meta property="article:publisher" content="https://www.facebook.com/irisevent" />
<meta property="article:modified_time" content="2026-02-03T22:37:04+00:00" />
<meta property="og:image" content="https://www.irisevent.fr/wp-content/uploads/2025/11/CARTEL-SEMANA-SANTA-DE-SEVILLA-2026.webp.jpg" />
	<meta property="og:image:width" content="595" />
	<meta property="og:image:height" content="841" />
	<meta property="og:image:type" content="image/jpeg" />
<meta name="twitter:card" content="summary_large_image" />
<meta name="twitter:site" content="@Iriseventfrance" />
<meta name="twitter:label1" content="Tiempo de lectura" />
	<meta name="twitter:data1" content="1 minuto" />
<!-- / Yoast SEO plugin. -->

Semaine Sainte et Feria de Séville 2026 - Iris Event agence de voyages

Découvrez nos voyages sur mesure Andalousie, Espagne . Un séjour inoubliable en famille, en couple ou en solo. Vous souhaitez organiser votre voyage sur mesure avec Iris Event ? Contactez-nous.

Séjours
